{"id":1655,"date":"2017-12-05T18:16:01","date_gmt":"2017-12-05T18:16:01","guid":{"rendered":"https:\/\/www.spcsupportinfo.com\/SPCConnectPro\/?page_id=1655"},"modified":"2018-11-27T11:40:24","modified_gmt":"2018-11-27T11:40:24","slug":"spc6350-2-2-2-2-2-2-2-2-2-2-2-2-2-2-2-2-2-2","status":"publish","type":"page","link":"https:\/\/www.spcsupportinfo.com\/SPCConnectPro\/?page_id=1655","title":{"rendered":"SPC6350 &#8211; VDS class C , 512 Zone , 2,500 User intrusion system"},"content":{"rendered":"<div id=\"pl-1655\"  class=\"panel-layout\" ><div id=\"pg-1655-0\"  class=\"panel-grid panel-no-style\" ><div id=\"pgc-1655-0-0\"  class=\"panel-grid-cell\" ><div id=\"panel-1655-0-0-0\" class=\"so-panel widget widget_sow-headline panel-first-child panel-last-child\" data-index=\"0\" ><div class=\"so-widget-sow-headline so-widget-sow-headline-default-ea0af4cf39ae-1655\"><div class=\"sow-headline-container \">\n\t<h1 class='sow-headline'>SPC6350<\/h1>\t\t\t\t\t<div class=\"decoration\">\n\t\t\t\t\t\t<div class=\"decoration-inside\"><\/div>\n\t\t\t\t\t<\/div>\n\t\t\t\t\t<\/div><\/div><\/div><\/div><\/div><div id=\"pg-1655-1\"  class=\"panel-grid panel-no-style\" ><div id=\"pgc-1655-1-0\"  class=\"panel-grid-cell\" ><div id=\"panel-1655-1-0-0\" class=\"so-panel widget widget_sow-headline panel-first-child\" data-index=\"1\" ><div class=\"so-widget-sow-headline so-widget-sow-headline-default-ea0af4cf39ae-1655\"><div class=\"sow-headline-container \">\n\t<h1 class='sow-headline'>SPC-Bedienfeld, 16-512 Zonen, Ethernet, G5-Metallgeh\u00e4use<\/h1>\t\t\t\t\t<div class=\"decoration\">\n\t\t\t\t\t\t<div class=\"decoration-inside\"><\/div>\n\t\t\t\t\t<\/div>\n\t\t\t\t\t<\/div><\/div><\/div><div id=\"panel-1655-1-0-1\" class=\"so-panel widget widget_text panel-last-child\" data-index=\"2\" ><h3 class=\"widget-title\">Overview<\/h3>\t\t\t<div class=\"textwidget\"><p>Das SPC6350.320 Control Panel kombiniert auf optimale Weise die Einbruchs- und Zugriffsfunktionalit\u00e4t in einem System und kann mit bis zu 512 Zonen (16 on-board), 512 Ausg\u00e4ngen (12 on-board) auf spezifische Kunden- und Projektanforderungen erweitert werden. 32 Systemtastaturen, 64 T\u00fcren, 16 Verifikationszonen. Der Controller bietet 2 X-BUS-Ports (2 Stubs oder 1 Loop), 60 Bereiche, 2500 Benutzer mit verschiedenen Zugriffsebenen, Speicher f\u00fcr 10&#8217;000 Einbr\u00fcche und 10&#8217;000 Zugriffsereignisse, integrierten Web-Server, 2 Terminals f\u00fcr das steckbare PSTN und GSM \/ GPRS-Kommunikationsoptionen, integrierte Ethernet-Schnittstelle. Das System ist mit drahtlosen Empf\u00e4ngern erweiterbar und unterst\u00fctzt bis zu 120 drahtlose Melder (gemischt mit verdrahteten Zonen). Das Panel wird in einem manipulationssicheren Metallgeh\u00e4use mit Platz f\u00fcr 2 optionale 27 Ah Batterien und 4 zus\u00e4tzliche Expander geliefert.<\/p>\n<\/div>\n\t\t<\/div><\/div><div id=\"pgc-1655-1-1\"  class=\"panel-grid-cell\" ><div id=\"panel-1655-1-1-0\" class=\"so-panel widget widget_sow-image panel-first-child panel-last-child\" data-index=\"3\" ><div class=\"so-widget-sow-image so-widget-sow-image-default-d6014b76747a-1655\">\n\n<div class=\"sow-image-container\">\n\t\t<img src=\"https:\/\/www.spcsupportinfo.com\/SPCConnectPro\/wp-content\/uploads\/2017\/12\/v54541c118a100_spc6350.320l1_026_01_400x400.jpg\" width=\"400\" height=\"400\" srcset=\"https:\/\/www.spcsupportinfo.com\/SPCConnectPro\/wp-content\/uploads\/2017\/12\/v54541c118a100_spc6350.320l1_026_01_400x400.jpg 400w, https:\/\/www.spcsupportinfo.com\/SPCConnectPro\/wp-content\/uploads\/2017\/12\/v54541c118a100_spc6350.320l1_026_01_400x400-150x150.jpg 150w, https:\/\/www.spcsupportinfo.com\/SPCConnectPro\/wp-content\/uploads\/2017\/12\/v54541c118a100_spc6350.320l1_026_01_400x400-300x300.jpg 300w, https:\/\/www.spcsupportinfo.com\/SPCConnectPro\/wp-content\/uploads\/2017\/12\/v54541c118a100_spc6350.320l1_026_01_400x400-45x45.jpg 45w\" sizes=\"(max-width: 400px) 100vw, 400px\" title=\"SPC6350\" alt=\"SPC6350\" loading=\"lazy\" \t\tclass=\"so-widget-image\"\/>\n\t<\/div>\n\n<\/div><\/div><\/div><\/div><div id=\"pg-1655-2\"  class=\"panel-grid panel-no-style\" ><div id=\"pgc-1655-2-0\"  class=\"panel-grid-cell\" ><div id=\"panel-1655-2-0-0\" class=\"so-panel widget widget_text panel-first-child\" data-index=\"4\" ><div class=\"panel-widget-style panel-widget-style-for-1655-2-0-0\" >\t\t\t<div class=\"textwidget\"><p>Das System bietet<\/p>\n<ul style=\"schriftgr\u00f6\u00dfe: 12px;\">\n<li>512 Zonen<\/li>\n<li>2500 Benutzer<\/li>\n<li>32 Eingangs- \/ Ausgangst\u00fcren<\/li>\n<li>IP-Unterst\u00fctzung<\/li>\n<li>IP-Alarmmeldung<\/li>\n<li>Integrierter eingebetteter Webbrowser<\/li>\n<\/ul>\n<\/div>\n\t\t<\/div><\/div><div id=\"panel-1655-2-0-1\" class=\"so-panel widget widget_text\" data-index=\"5\" ><h3 class=\"widget-title\">More info<\/h3>\t\t\t<div class=\"textwidget\"><p><a href=\"https:\/\/www.spcsupportinfo.com\/SPCConnectPro\/wp-content\/uploads\/2017\/12\/v54541c118a100_spc6350_023_01_en.pdf\">Datasheet<\/a><\/p>\n<p>&nbsp;<\/p>\n<\/div>\n\t\t<\/div><div id=\"panel-1655-2-0-2\" class=\"so-panel widget widget_sow-button panel-last-child\" data-index=\"6\" ><div class=\"so-widget-sow-button so-widget-sow-button-atom-efb96928f00d-1655\"><div class=\"ow-button-base ow-button-align-left\">\n\t<a href=\"https:\/\/vanderbiltindustries.com\/find-an-installer\" class=\"ow-icon-placement-left ow-button-hover\" \t\t>\n\t\t<span>\n\t\t\t<span class=\"sow-icon-fontawesome sow-fas\" data-sow-icon=\"&#xf291;\"\n\t\tstyle=\"color: #1684b1\" ><\/span>\n\t\t\tWo zu kaufen\t\t<\/span>\n\t<\/a>\n<\/div>\n<\/div><\/div><\/div><div id=\"pgc-1655-2-1\"  class=\"panel-grid-cell\" ><div id=\"panel-1655-2-1-0\" class=\"so-panel widget widget_sow-image panel-first-child\" data-index=\"7\" ><div class=\"so-widget-sow-image so-widget-sow-image-default-d6014b76747a-1655\">\n\n<div class=\"sow-image-container\">\n\t\t<img src=\"https:\/\/www.spcsupportinfo.com\/SPCConnectPro\/wp-content\/uploads\/2018\/02\/spc-connect.jpg\" width=\"2048\" height=\"1365\" srcset=\"https:\/\/www.spcsupportinfo.com\/SPCConnectPro\/wp-content\/uploads\/2018\/02\/spc-connect.jpg 2048w, https:\/\/www.spcsupportinfo.com\/SPCConnectPro\/wp-content\/uploads\/2018\/02\/spc-connect-300x200.jpg 300w, https:\/\/www.spcsupportinfo.com\/SPCConnectPro\/wp-content\/uploads\/2018\/02\/spc-connect-768x512.jpg 768w, https:\/\/www.spcsupportinfo.com\/SPCConnectPro\/wp-content\/uploads\/2018\/02\/spc-connect-1024x683.jpg 1024w, https:\/\/www.spcsupportinfo.com\/SPCConnectPro\/wp-content\/uploads\/2018\/02\/spc-connect-600x400.jpg 600w, https:\/\/www.spcsupportinfo.com\/SPCConnectPro\/wp-content\/uploads\/2018\/02\/spc-connect-272x182.jpg 272w\" sizes=\"(max-width: 2048px) 100vw, 2048px\" alt=\"\" loading=\"lazy\" \t\tclass=\"so-widget-image\"\/>\n\t<\/div>\n\n<\/div><\/div><div id=\"panel-1655-2-1-1\" class=\"so-panel widget widget_sow-image panel-last-child\" data-index=\"8\" ><div class=\"so-widget-sow-image so-widget-sow-image-default-d6014b76747a-1655\">\n\n<div class=\"sow-image-container\">\n\t\t<img src=\"https:\/\/www.spcsupportinfo.com\/SPCConnectPro\/wp-content\/uploads\/2018\/04\/VDS2-1.png\" width=\"326\" height=\"155\" srcset=\"https:\/\/www.spcsupportinfo.com\/SPCConnectPro\/wp-content\/uploads\/2018\/04\/VDS2-1.png 326w, https:\/\/www.spcsupportinfo.com\/SPCConnectPro\/wp-content\/uploads\/2018\/04\/VDS2-1-300x143.png 300w, https:\/\/www.spcsupportinfo.com\/SPCConnectPro\/wp-content\/uploads\/2018\/04\/VDS2-1-30x14.png 30w\" sizes=\"(max-width: 326px) 100vw, 326px\" title=\"VDS2\" alt=\"\" loading=\"lazy\" \t\tclass=\"so-widget-image\"\/>\n\t<\/div>\n\n<\/div><\/div><\/div><\/div><div id=\"pg-1655-3\"  class=\"panel-grid panel-no-style\" ><div id=\"pgc-1655-3-0\"  class=\"panel-grid-cell panel-grid-cell-mobile-last\" ><div id=\"panel-1655-3-0-0\" class=\"so-panel widget widget_sow-editor panel-first-child panel-last-child\" data-index=\"9\" ><div class=\"so-widget-sow-editor so-widget-sow-editor-base\">\n<div class=\"siteorigin-widget-tinymce textwidget\">\n\t<p>SPC bietet eine Reihe von Handb\u00fcchern, um Sie zu unterst\u00fctzen, wenn Sie wissen m\u00f6chten, kontaktieren Sie uns bitte und buchen Sie Ihre Demo<\/p>\n<ul>\n<li><a href=\"https:\/\/www.spcsupportinfo.com\/SPCConnectPro\/manuals\/\"> Handb\u00fccher\u00a0<\/a><\/li>\n<li><a href=\"http:\/\/www.spcsupporttinfo.com\/htmlmanuals\/spc_manual\/EN\/SPC%20Installer%20Guide%20DE.htm\"> SPC-Konfigurationshandbuch\u00a0<\/a><\/li>\n<li><a href=\"http:\/\/www.spcsupportinfo.com\/connectspcdata\/Engineer\/configurationsmanuals\/guides\/SPC_StartUpGuide_DE_Ver3.6_Ver6_20160929.pdf\"> Startup-Anleitung\u00a0<\/a><\/li>\n<li><a href=\"https:\/\/www.spcsupporttin.com\/.com\/SPCConnectPro\/users-guides\/\"> Kundenhandb\u00fccher\u00a0<\/a><\/li>\n<li><a href=\"https:\/\/vanderbiltindustries.com\/resources\/brochures\"> Brosch\u00fcren\u00a0<\/a><\/li>\n<li><a href=\"https:\/\/www.spcsupportinfo.com\/SPCConnectPro\/spc-overview\/spc-intrusion-features\/\"> Angriffsfunktionen\u00a0<\/a><\/li>\n<li><a href=\"https:\/\/www.spcsupportinfo.com\/SPCConnectPro\/support\/\"> Support\u00a0<\/a><\/li>\n<li><a href=\"https:\/\/www.spcsupportinfo.com\/SPCConnectPro\/spc-overview\/advanced-programming\/\"> Erweiterte Programmierung\u00a0<\/a><\/li>\n<li><a href=\"https:\/\/www.spcsupportinfo.com\/SPCConnectPro\/spc-overview\/spc-users\/\"> Benutzer\u00a0<\/a><\/li>\n<li><a href=\"https:\/\/www.spcsupportinfo.com\/SPCConnectPro\/spc-overview\/spc-connect\/\"> SPC Connect\u00a0<\/a><\/li>\n<li><a href=\"https:\/\/www.spcsupportinfo.com\/SPCConnectPro\/spc-overview\/spc-access-features\/\"> Zugriffsfunktionen\u00a0<\/a><\/li>\n<li><a href=\"https:\/\/www.spcsupportinfo.com\/SPCConnectPro\/feedback\/\"> Sie k\u00f6nnen nicht finden, was Sie brauchen, lassen Sie es uns wissen <\/a><\/li>\n<\/ul>\n<\/div>\n<\/div><\/div><\/div><div id=\"pgc-1655-3-1\"  class=\"panel-grid-cell panel-grid-cell-empty\" ><\/div><\/div><\/div>","protected":false},"excerpt":{"rendered":"<p>Das SPC6350.320 Control Panel kombiniert auf optimale Weise die Einbruchs- und Zugriffsfunktionalit\u00e4t in einem System und kann mit bis zu 512 Zonen (16 on-board), 512 Ausg\u00e4ngen (12 on-board) auf spezifische Kunden- und Projektanforderungen erweitert werden. 32 Systemtastaturen, 64 T\u00fcren, 16 Verifikationszonen. Der Controller bietet 2 X-BUS-Ports (2 Stubs oder 1 Loop), 60 Bereiche, 2500 Benutzer [&hellip;]<\/p>\n","protected":false},"author":20,"featured_media":1598,"parent":649,"menu_order":6,"comment_status":"closed","ping_status":"closed","template":"page-onecolumn.php","meta":[],"_links":{"self":[{"href":"https:\/\/www.spcsupportinfo.com\/SPCConnectPro\/index.php?rest_route=\/wp\/v2\/pages\/1655"}],"collection":[{"href":"https:\/\/www.spcsupportinfo.com\/SPCConnectPro\/index.php?rest_route=\/wp\/v2\/pages"}],"about":[{"href":"https:\/\/www.spcsupportinfo.com\/SPCConnectPro\/index.php?rest_route=\/wp\/v2\/types\/page"}],"author":[{"embeddable":true,"href":"https:\/\/www.spcsupportinfo.com\/SPCConnectPro\/index.php?rest_route=\/wp\/v2\/users\/20"}],"replies":[{"embeddable":true,"href":"https:\/\/www.spcsupportinfo.com\/SPCConnectPro\/index.php?rest_route=%2Fwp%2Fv2%2Fcomments&post=1655"}],"version-history":[{"count":0,"href":"https:\/\/www.spcsupportinfo.com\/SPCConnectPro\/index.php?rest_route=\/wp\/v2\/pages\/1655\/revisions"}],"up":[{"embeddable":true,"href":"https:\/\/www.spcsupportinfo.com\/SPCConnectPro\/index.php?rest_route=\/wp\/v2\/pages\/649"}],"wp:featuredmedia":[{"embeddable":true,"href":"https:\/\/www.spcsupportinfo.com\/SPCConnectPro\/index.php?rest_route=\/wp\/v2\/media\/1598"}],"wp:attachment":[{"href":"https:\/\/www.spcsupportinfo.com\/SPCConnectPro\/index.php?rest_route=%2Fwp%2Fv2%2Fmedia&parent=1655"}],"curies":[{"name":"wp","href":"https:\/\/api.w.org\/{rel}","templated":true}]}}